Let s = 33 - j. What is the tens digit of s?
2
Suppose 81 = 2*w - 15. Let i = -22 + w. What is the tens digit of i?
2
Let q(f) = 3*f**2 - 8*f + 10. Suppose -80 = 18*p - 20*p. Suppose -3*o - p = -11*o. What is the tens digit of q(o)?
4
Let q(c) = 2*c + 3. Let l be q(-5). What is the tens digit of (l/2)/(2/(-20))?
3
Let t(r) = 36*r**3 - r**2 + 4*r - 2. Let m(x) = -35*x**3 + x**2 - 5*x + 3. Let h(j) = 2*m(j) + 3*t(j). What is the units digit of h(1)?
9
Let v = 62 - -263. What is the tens digit of v?
2
Suppose 3*f + 40 = -f. Let q be 268/20 - (-91)/(-65). Let w = f + q. What is the units digit of w?
2
Let g = -6 + -1. What is the tens digit of (26/10)/(g/(-455))?
6
Suppose -5*k = 4*a - 3, k + 0*k = 4*a - 9. Suppose -n + 153 = 2*d, d - 63 - 6 = -a*n. What is the tens digit of d?
7
Suppose -2*u = -5*g + 25, 4*g - 2*u - 24 = -4. Suppose 0 = 5*o + g*h - 90, -10*h + 5 = -5*h. What is the units digit of o?
7
What is the hundreds digit of 20*13/(-104)*(-1434)/5?
7
What is the hundreds digit of 6/(-12)*1*4408/(-4)?
5
Let i be 85/20 - (-1)/(-4). Suppose -h + i*r = -90, -2*h + 4*r = -5*h + 270. What is the tens digit of h?
9
Let c(u) = 2*u**2 - u + 74. What is the units digit of c(32)?
0
Let q(o) = 51*o**2 - 6*o - 19. What is the units digit of q(6)?
1
What is the hundreds digit of (-105)/2*-2*(-2 + 13)?
1
Let t(j) = 3*j + 457. What is the hundreds digit of t(0)?
4
Suppose -6*r + 2691 = -1239. What is the hundreds digit of r?
6
Let c be (-1)/(((-45)/160)/(-9)). Suppose -2*v - 4*r - 36 = 0, 22 = -5*v - 2*r - 44. Let z = v - c. What is the tens digit of z?
2
Suppose -62*m + 66*m - 996 = 0. What is the tens digit of m?
4
Suppose y + 521 = -4*l - 0*y, 3*y = 2*l + 257. Let c = 129 - l. What is the hundreds digit of c?
2
Suppose 2*l + 2*l + 16 = 0. What is the tens digit of 0 + ((-12)/l - -54)?
5
Let q be 6/(-4)*(-110)/(-33). Let i be 24*2/(-1 - q). Suppose -28 = -p + i. What is the tens digit of p?
4
What is the units digit of 2 - -3 - (-2180 - (18 + -11))?
2
Suppose 6 - 4 = t. Suppose 0 = -t*s - 2*s - 2*l + 308, 0 = 5*s - 4*l - 372. What is the tens digit of s?
7
Let o = 35 + -33. Let t(m) = 27*m + 4. What is the tens digit of t(o)?
5
Let u = 38 - -4. Suppose -g + 4*g - u = 0. Suppose -4*k + 2*k = -g. What is the units digit of k?
7
Let t(r) = 2*r**2 - 20*r + 24. Let w(k) = k + 3. Let x be w(9). What is the units digit of t(x)?
2
Suppose -5*x - w = w - 6823, 0 = 3*x + 4*w - 4105. What is the thousands digit of x?
1
Suppose 0 = -5*x - 3*p - 1 + 79, -4*p - 41 = -3*x. Suppose -5*h - x = y, 2*y - 25 = 4*h + 15. What is the units digit of y?
0
Let y = 487 + -57. What is the units digit of y?
0
Let f(p) = -2*p**3 - 43*p**2 - 37*p - 36. Let u(n) = n**3 + 21*n**2 + 18*n + 18. Let l(j) = 6*f(j) + 13*u(j). What is the tens digit of l(-14)?
4
Suppose 10 = -4*z - 2. Let o be ((-2)/z)/(42/6237). Suppose o = -c + 4*c. What is the units digit of c?
3
Let p(h) = -h**3 + 6*h**2 + 9*h - 4. Let k be p(7). Suppose 4*n - 510 = -k. What is the units digit of n?
5
Suppose 5*p = 2*z - 688, -z + 91 = -4*p - 253. What is the hundreds digit of z?
3
Let r(i) = 4*i**2 - 29*i - 169. What is the units digit of r(-10)?
1
Suppose -6 = -a + 6. Suppose i = -5*g + a, g = 4*i - 3*i. What is the tens digit of i/(-6) + (-246)/(-9)?
2
Suppose 0 = 3*k + 2*t + 10, 5*k - 4*k + t = -4. What is the units digit of (82*3/k)/((-3)/4)?
4
Suppose -a - 16 = 9*q - 14*q, -5*a + 2*q = 34. What is the tens digit of (54/24)/(a/(-32))?
1
Suppose -5*l = -3*d - 2*l, 2*l = d + 2. Suppose 0 = 2*b + b - t - 163, 3*b - d*t = 158. What is the units digit of b?
6
Suppose -5 - 1 = -2*l. Suppose a - 68 = -l*a. Suppose -2*h + 26 = -2*b + 6*b, -3*b = -h - a. What is the units digit of b?
6
Let s = 247 + 199. What is the units digit of s?
6
Suppose 3*j + 2*q + 3*q = 4778, -4*j = 5*q - 6379. What is the thousands digit of j?
1
Let u = -64 + 72. Let c(t) = t**3 - 4*t**2 - 4*t + 30. What is the tens digit of c(u)?
5
Let u(n) = -n - 24. Let f be u(-10). What is the tens digit of 15/(-5) - 5*f/1?
6
Let t = 26 + -11. Let m be t/10 - 41/(-2). Let i = m - 12. What is the tens digit of i?
1
Let l = 5191 - 2548. What is the thousands digit of l?
2
Let b(l) = -l**3 - 8*l**2 + 7*l - 1. Let p be b(-9). Suppose p = 5*j - 18. Suppose -2*y + 4*n - 40 = -j*y, 5*n + 85 = 5*y. What is the units digit of y?
2
Suppose 84*w - 3*h - 1631 = 82*w, -4*w + 5*h + 3267 = 0. What is the units digit of w?
3
Let j(o) = 1014*o**2 - 3*o + 3. What is the tens digit of j(1)?
1
Let a(l) = -l**2 + 2*l + 18. Let i be a(0). Let p = i + -14. Suppose 4*v + 2*g = 88, -2*g + 44 = 2*v - p*g. What is the units digit of v?
2
Let t(i) be the first derivative of 0*i**3 - 7/2*i**2 + 5*i + 1/4*i**4 + 1. What is the tens digit of t(4)?
4
Let c(m) = m + 5. Let q be c(-7). Let h(t) = t**3 + t + 1. Let w(f) = -f**2 + 3. Let v(o) = -2*h(o) + w(o). What is the units digit of v(q)?
7
Let j(s) = -9*s - 4. Let y be j(-1). Suppose -y*q + 26 = 1. What is the units digit of q?
5
Suppose -2*m - 28 = 2*m. Suppose 28 = 19*i - 86. Let q = i - m. What is the tens digit of q?
1
Let k(w) = 346*w + 101. What is the tens digit of k(2)?
9
Let p = 31 - 33. Let n(l) = -8*l**3 - l**2 - 2*l - 2. Let i be n(p). Suppose -4*s + 130 = -i. What is the units digit of s?
8
Let l(m) be the first derivative of -2*m**3/3 + 41*m - 5. What is the tens digit of l(0)?
4
Let f = 623 + -558. What is the units digit of f?
5
Let s(c) = c**2 - 3*c - 1. Let w be s(6). Let q = 17 - w. Let r = 1 - q. What is the units digit of r?
1
Let c be ((-42)/35)/(1/(-5)). Suppose -f - c*f = -343. What is the units digit of f?
9
Let g(u) = u**2 + 13*u + 16. Let i be g(-12). What is the tens digit of -3 - -4*i - (-2 + 5)?
1
Let m(f) = -3*f - 13. Let n be m(-9). Let l = 18 - n. Suppose 3*d - 3*t = 0, 4*d = -l*t - t + 27. What is the units digit of d?
3
Let k = -5 - -21. Suppose 0 = -k*m + 8*m + 112. What is the tens digit of m?
1
What is the units digit of (774/8)/(9/420)?
5
Suppose 0 = 2*l - 4*w - 3672, 2*l - 16*w - 3654 = -18*w. What is the units digit of l?
0
Let h be 0 - (0 - 4) - 2. Suppose -2*b - 2*u + 5 + 135 = 0, 207 = 3*b + h*u. What is the units digit of b?
7
Suppose 0 = 3*k - 4*r + 32, -r + 31 = -3*k + 5. Suppose -2*p - 3*f + 16 = 0, 7 = -3*p + 5*f - 7. Let i = p - k. What is the tens digit of i?
1
Suppose -29853 = -20*n + 34887. What is the tens digit of n?
3
Let w = 272 + 51. What is the units digit of w?
3
Let c be -2 - (4 + 1 + -1). What is the tens digit of (57*(-2)/c)/1?
1
Suppose 11*v - 1299 - 2650 = 0. What is the hundreds digit of v?
3
Suppose -10*q + 2664 + 1506 = 0. What is the hundreds digit of q?
4
Let m(n) = n + 4. Let i be m(5). Let b = i + -5. Suppose -2*s - 102 = -2*o - b*s, -4*o + s + 184 = 0. What is the units digit of o?
7
Let p(f) = f**3 + 7*f**2 - 13*f - 11. Let g be p(-8). Let s = -20 + g. Suppose 15 = 5*m + 3*t - s, -t + 22 = 4*m. What is the units digit of m?
6
Suppose 9*m - 3 = -57. Let r(b) = 3*b**2 - 9*b - 3. Let t(d) = 5*d**2 - 17*d - 6. Let p(j) = 7*r(j) - 4*t(j). What is the units digit of p(m)?
9
Let a be 10/(-3) + (-28)/(-21). What is the hundreds digit of 41/(-3)*(96/4)/a?
1
Let l(v) = 63*v - 174. What is the units digit of l(15)?
1
Suppose 3*o - p - p = -179, 4*o - 4*p = -232. Let f = o + 101. What is the tens digit of f?
3
Let n(r) = -43*r - 81. What is the hundreds digit of n(-8)?
2
Let c(u) = 11*u**2 - 52*u - 20. What is the tens digit of c(11)?
3
Let p(x) = 2*x**2 - 3*x + 1. Let q be p(2). Let c(j) = j**2 + 2*j - 5. What is the units digit of c(q)?
0
Let d(h) = 6*h**2 + h. Let c be d(-1). Let t = c + 0. Suppose 105 = t*f - 55. What is the units digit of f?
2
Let w(u) = -u**2 - 3*u - 5. Let i be 1/3 - (-14)/(-6). Let y be w(i). What is the tens digit of 15 + -1 - (y + 1)?
1
What is the tens digit of -21*(-11 - (-1285)/(-15))?
3
Let q(i) = -i**2 - i + 2. Let h be q(0). Suppose -7*p = h*p - 1476. What is the tens digit of p?
6
Let g(w) = -3 - 3 - 6*w**2 - 4 - w**3 - 4*w**2 - w. Let k be g(-10). Suppose -4*a + 67 = -0*a + 5*o, 5*a + 3*o - 100 = k. What is the units digit of a?
3
Suppose -3*p + 3*t = p - 5960, -p + t = -1491. What is the tens digit of p?
8
Let g = 446 - -311. What is the tens digit of g?
5
Suppose -i + 5*i - 2172 = 0. Suppose 0 = 5*m + p + p - i, -5*m = -3*p - 548. What is t